der when 31 is divided by m + w/(-1*2)?
9
Suppose -14 = -k + 5*q, -3*q + 42 = k + 4*k. Suppose 0 = 3*r - 6 - k. Let v = -13 - -22. What is the remainder when v is divided by r?
4
Let s(l) = -l**3 + 19*l**2 + 43*l. Calculate the remainder when 52 is divided by s(21).
10
Suppose -3*h = -4*r + 3*r - 62, 3*r - 66 = -3*h. Suppose d = 5*l + h, -2*l - 23 = -3*d + 3*l. Calculate the remainder when d is divided by 1.
0
Calculate the remainder when 21 is divided by (-4)/3 + 19/3.
1
Suppose 0*m = 4*m - 16. Suppose -m*u = u - 5. Calculate the remainder when 1 is divided by u.
0
Suppose 0*y - 2*y + 156 = 0. Suppose 96 = 4*i - 4*x, -5*x + y = 4*i - 9. What is the remainder when i is divided by 12?
11
Suppose -2 = t - 9. Let p = 0 + 4. Calculate the remainder when t is divided by p.
3
Suppose -3*l = -3*t + 9 + 18, -2*t - 3*l + 8 = 0. Suppose -5*i = -t*i - 106. Let g = i + 90. Calculate the remainder when g is divided by 13.
11
Let r be (4/6)/((-2)/(-87)). Calculate the remainder when r/(-4*1/(-8)) is divided by 20.
18
Let c(v) = -2*v + 1. Calculate the remainder when 47 is divided by c(-9).
9
Let g = 99 + -94. Suppose 2*q - 9 = 15. Suppose -5*v + 4*s = -55, 5*v + s + q = 42. What is the remainder when v is divided by g?
2
Suppose 0*t = t + m - 11, 3*m = 9. Suppose 3*r - 2*q + 18 = 0, -r + 6*r + 5*q + 30 = 0. Let w = t + r. Calculate the remainder when 3 is divided by w.
1
What is the remainder when (-2158)/(-39)*(-3)/(-2) is divided by 21?
20
Suppose l - 2*l + 31 = 0. What is the remainder when l is divided by 8?
7
Let j(b) = -5*b - 7. What is the remainder when 2/3 - 194/(-6) is divided by j(-5)?
15
Let g be (2 - 0)/(6/(-75)). Let h be 16/10 + (-10)/g. Suppose h*w + 12 = y, -60 = -2*y - 3*y - w. What is the remainder when y is divided by 7?
5
Let z(i) = i**3 - i**2 - 2*i + 7. Let h(d) = -4*d - 1. What is the remainder when z(3) is divided by h(-2)?
5
Let k(f) = 4*f + f + 3 + 5 + f**2 - 3. What is the remainder when 4 is divided by k(-4)?
0
Let i = -126 - -180. Calculate the remainder when i is divided by 14.
12
Suppose -n + 2 = -0*n - 5*s, s = 2. What is the remainder when n is divided by 2?
0
Suppose -j - 1 = -4*u, 2*j - 18 = 2*u + 4. What is the remainder when 86 is divided by j?
11
Let i(c) = -c**2 + 14*c + 9. Let g be i(12). Suppose -z + g = 4*a, 2*a - 8 = 4*z - 50. What is the remainder when 38 is divided by z?
12
Let x(c) = 16*c**2. Let t = -91 + 138. What is the remainder when t is divided by x(-1)?
15
Let i = -8 + 11. Let o(l) = l**2 + 3*l - 8. What is the remainder when o(3) is divided by i?
1
Suppose 0 = 2*o - 85 - 25. Suppose -5*k + 105 = 10. What is the remainder when o is divided by k?
17
Suppose 2*t - 5*t + y = -7, -t + 13 = 5*y. Suppose -t*l = -2*l - 34. Suppose -4*b = -3*b - 12. What is the remainder when l is divided by b?
10
Let w(d) = 3*d - 5. Let c(y) = -y + 3. Let b(g) = 5*c(g) + 2*w(g). Calculate the remainder when 4 is divided by b(-2).
1
What is the remainder when (-3)/(43/46 + -1) is divided by ((-4)/(-2) - -4)/((-30)/(-80))?
14
Let w(n) = 3*n + 4. Let u = 15 - 12. What is the remainder when 25 is divided by w(u)?
12
Suppose 5*k - 224 = 3*k. Suppose -g = 5*w - k, -5*g + w + 207 = -301. What is the remainder when g is divided by 26?
24
Let d(l) = l**2 - 6*l + 7. Suppose -3 = -q - b, -q = 5*b - 7 - 16. Let r = 6 + q. What is the remainder when d(6) is divided by r?
3
Let m = 136 + -78. Suppose 4*c - 72 = -4*z, -4*z - m + 146 = 5*c. Suppose -2*u = -0*u - c. Calculate the remainder when u is divided by 5.
3
Suppose 5*r + 10 = 0, 0*g - 2*r = -4*g + 28. Calculate the remainder when (3 + (-150)/20)*(-1 + -1) is divided by g.
3
Suppose 0 = 2*f + f - 126. What is the remainder when f is divided by 15?
12
Suppose 4*l - 4*q = -528, 2*q - 74 = -3*l - 490. What is the remainder when 30 is divided by (l/(-12))/(2/3)?
13
Suppose 34 + 180 = 2*q. What is the remainder when q is divided by 27?
26
Let v = 3 - 7. Let a be 40/25*(-10)/v. Suppose 0 = -a*u + 2*m + 2 + 14, -3*u = 5*m - 12. What is the remainder when u is divided by 2?
0
Suppose -j = -x + 13, -4*x + 5*j - 25 = -72. What is the remainder when 69 is divided by x?
15
Suppose -5*d = 3*o - 4*o - 5, 0 = -4*d - 5*o + 33. Calculate the remainder when 23 is divided by (1 - 3) + d - -13.
10
Let y = 69 + -65. What is the remainder when 6 is divided by y?
2
Suppose -f = -3*f + 160. Suppose r + 4*r = -4*m + 93, 5*m = r + f. Calculate the remainder when 32 is divided by m.
15
Suppose -3 = v, 2*p - 3*v - 2 - 35 = 0. Let m(y) be the first derivative of 2*y**3/3 + y**2/2 + 2*y + 3. Calculate the remainder when p is divided by m(-2).
6
Let u(a) = -a**2 + 7*a - 5. Let n be u(5). Suppose -n*q + 0*q + w + 99 = 0, 30 = 2*q + 2*w. Calculate the remainder when 74 is divided by q.
17
Suppose r + 16 = 4*h + 6, -2*h = r + 10. Calculate the remainder when 38/3*(-15)/r is divided by 5.
4
Suppose -t + 76 = 3*t. Let b(x) be the first derivative of -x**3/3 + 7*x - 1. Calculate the remainder when t is divided by b(0).
5
Suppose -3*a = 4*q + a - 68, 4*q - 4*a = 108. Suppose -5*z = -13 - q. What is the remainder when z is divided by 4?
3
Let v = -11 - -31. Calculate the remainder when 404/7 - 4/(-14) is divided by v - -1 - (1 + 0).
18
Let b be (1 - (0 - 0))*10. Let i = b + -7. What is the remainder when 14 is divided by (5/i)/((-1)/(-3))?
4
Suppose 3*r + 93 + 252 = 0. Let u = -68 - r. What is the remainder when u is divided by 10?
7
Let o(w) = -w - 1. Let k(c) = -c**2 - 10*c - 4. Let r(n) = -k(n) + 4*o(n). Calculate the remainder when 26 is divided by r(-7).
5
Suppose -5*i + 44 = 4*q, 2*i + 2*q = -2*q + 20. Calculate the remainder when (-124)/(-10) + (-12)/(-20) is divided by i.
5
Let n be 14/7 - (0 + -39). Suppose 0*l - n = -l. What is the remainder when l is divided by 13 - (-4 + 1)/3?
13
Suppose 5*a + 29 - 114 = 0. Calculate the remainder when 49 is divided by a.
15
Suppose -5*a + 2*z = 130, -2*z - 2*z = 4*a + 104. Calculate the remainder when 50 is divided by a*(3 + 7/(-2)).
11
Let z be (-3 - 0)*(-726)/9. Suppose 5*k - z = o, -4*o + 113 = 5*k - 119. Let p(g) = 4*g**2 - 3*g - 2. Calculate the remainder when k is divided by p(3).
23
Calculate the remainder when (-3)/(21/(-238)) - (0 + 2) is divided by 17.
15
Let c(u) = u**3 - 7*u + 5. Calculate the remainder when c(4) is divided by 21.
20
Suppose 53*j - 78*j + 75 = 0. Let m(c) = 2*c. Calculate the remainder when j is divided by m(1).
1
Suppose -4*y = -2*i + 36 - 172, -5*y + 156 = i. Let c = 0 + 11. Calculate the remainder when y is divided by c.
10
Let d(w) = w**3 + 11*w**2 + 10*w + 4. Suppose 7 = v - 2. Calculate the remainder when v is divided by d(-10).
1
Let m be (1*-15)/(3/(-15)). Let w = m + -35. Calculate the remainder when w is divided by 14.
12
Let q = 610 - 400. Suppose q = w + 4*w - 5*k, 3*w + k = 146. Calculate the remainder when w is divided by 12.
11
Let c(b) = -2*b + 9. What is the remainder when c(-16) is divided by 7?
6
Suppose -3*s = -8 - 31. Calculate the remainder when 37 is divided by s.
11
Let h(c) = c**3 - 6*c**2 - 5*c - 9. Suppose 11 = -3*g + 5. Let w be (-40)/(-6) - g/6. Calculate the remainder when h(w) is divided by 3.
2
What is the remainder when 24/32 - 418/(-8) is divided by 18?
17
Suppose 204 = 11*d - 5*d. Calculate the remainder when d is divided by 12.
10
Suppose -4*f - 24 = -2*v, 3*v - 3*f - 32 = -2*v. What is the remainder when v is divided by -7*(-6)/28*2?
1
Let f(a) = a**3 + a**2 + a + 3. Suppose 4*w = 3*w - 3, 3*s - 12 = -3*w. What is the remainder when s is divided by f(0)?
1
Suppose k + 2*t = 3*t + 7, 0 = k - 4*t - 16. Suppose 0 = k*a + 4*f, 4*a - 4*f = f + 36. Suppose 0 = n + 4 - 14. What is the remainder when n is divided by a?
2
Let z(t) = 3*t + 1. Let s(j) = 3*j**3 - 2*j**3 - 3*j + j**2 + 6*j**2 + 1. What is the remainder when s(-6) is divided by z(6)?
17
Suppose 0 = -2*g + g + 2. Let u(x) = 3 - g - 8*x + 4*x. What is the remainder when 13 is divided by u(-1)?
3
Let h = 168 - 81. Calculate the remainder when h is divided by (-1)/1 + 3 + 28.
27
Let z(d) = -5*d - 8. Suppose t - 5*x - 16 = 0, -2*t - 42 = t + 3*x. What is the remainder when z(t) is divided by 19?
18
Suppose -3*l = -3*y + 12, 3*l + 4*y + 8 = -l. Let g be (-1)/l - 104/(-12). Let n = g - 6. What is the remainder when n is divided by 2?
1
What is the remainder when 